- 0).
12
Evaluate (7 + -2 + -4 - -1) + 3 + -1.
4
What is the value of 9 + (19 - (1 + (1 - -8) - 1))?
19
What is the value of 3 + -13 + -180 + 186?
-4
What is the value of (4 - 10) + (-12 - 11)?
-29
What is the value of 1 + -4 - (39 + -28)?
-14
6 + (2 - -1) + (-4 - (3 - 9))
11
(1 + 0 - -1 - -16) + (-653 - -656)
21
What is the value of 11 + 1 + 8 + (14 - 25) + -9?
0
What is the value of 59 + -57 + (-2 - -4 - 4) + 4?
4
17 - (5 + (5 - 14))
21
Evaluate -8 + -10 + 14 - -22.
18
-9 + -9 + 16 - (4 + -1)
-5
Calculate -1 - ((12 - -1) + (-171 - -161)).
-4
-24 - (-19 + 7 + -17)
5
7 - (4 + -2 + (9 - 9 - -14))
-9
(-10 - -30) + (-10 - (-6 + -1))
17
Evaluate (68 - (0 + 20)) + -20 - -4.
32
What is the value of 10 - (3 - (0 - -3 - (-14 - -15)))?
9
What is (0 - (5 - 7)) + (8 - 7)?
3
What is the value of (-12 - -7) + (18 + -38 - -27)?
2
What is 25 - (6 + -1) - 29?
-9
What is the value of 6 + 3 + -9 + 2 + -2?
0
Calculate 0 + -5 + (39 - (28 - -5)).
1
-41 + -30 + 41 - -50
20
What is the value of -7 - (-62 - -31) - -9?
33
What is 4 + 11 + (6 - -18)?
39
What is the value of 10 + -4 + (55 - 32)?
29
1 + 10 + -22 + 11 + (16 - 1)
15
What is 55 + -61 + (3 - 1) + -7?
-11
Calculate -72 + 51 + (8 - 3).
-16
What is -7 + (14 - (8 + (-2 - -5)))?
-4
(0 + -3 - 2) + (107 - 89)
13
Evaluate -1 - (17 + (-4 - -11) + -10).
-15
Calculate 1 + -4 - -2 - (9 + -15).
5
What is the value of (5 - (11 + 0)) + (15 + -29 - 6)?
-26
What is the value of 8 + -4 - (0 - (-9 + 6))?
1
What is the value of 4 + (-24 - 7) + (17 - (-17 + 39))?
-32
What is (-1 - (2 + -3 + 0)) + (-12 - 0)?
-12
What is the value of -7 + -25 + 18 - -22?
8
(-9 - (10 + -18)) + 3
2
What is 2 - (3 - (-47 + 58 + -1 + -2))?
7
Calculate (-2 - (-11 + 23)) + 6 - (-13 + 0).
5
(10 - 20 - (1 + -3)) + 20
12
What is 5 + (-3 - -2) + -3 + (26 - 10)?
17
What is -9 - (13 - (4 + 22))?
4
What is -2 + -18 + 12 + 4 + 18?
14
What is the value of 14 + 1 + 26 - (6 + 1)?
34
What is the value of 47 + 6 + (-49 - -21)?
25
What is the value of (-10 - -1) + (91 - 73)?
9
-7 - (34 - 26 - (-8 + -3))
-26
What is -8 + (-18 - -8 - -17) + -12?
-13
-21 + 25 + (-14 - -3)
-7
Calculate -194 - -207 - (-8 - -33).
-12
(-5 - -6) + -5 - 5 - (-22 - -29)
-16
What is the value of 19 - 25 - ((2 - 3) + -14)?
9
What is 1 + 0 + -12 + (-22 - -37)?
4
-6 + (-19 - (-2 - 14) - -2)
-7
-8 - (16 - 9) - -21
6
Calculate (15 - -1) + 535 + -557.
-6
(23 - 13) + -11 + -4
-5
-2 - -2 - -2 - (-24 - (-1 + -3))
22
Evaluate (-2 + 1 - -7 - 3) + 1 + 6.
10
Calculate 11 - (-1 + -1 + 47 + -39).
5
Calculate -1 + 0 + 0 + 2 - (2 + 4).
-5
(0 + (8 - 1) + 2 - -39) + -12
36
What is -334 + 354 + -17 + 2?
5
What is 4 - (0 + 8 + -14)?
10
Calculate -2 + 9 + (0 - 15) + -5.
-13
1723 - 1768 - (-74 - -1)
28
What is the value of (-11 - ((-14 - 13) + 15)) + 5?
6
What is the value of (-2 - -14 - 25) + 14?
1
Evaluate (1 - -11) + (9 - (60 + -53)).
14
10 - 22 - -26 - (-3 - -32)
-15
Calculate 36 - 47 - -22 - (1 - -12).
-2
What is the value of -28 + -3 + -7 + 24?
-14
0 + 1 + (22 - (10 - -26))
-13
Calculate -8 - (4 - 12 - 20).
20
What is (5 - 8 - -7) + 12 + -3?
13
Evaluate 7 + (-3 + -3 + 14 - 14).
1
What is the value of (5 - -1) + (0 - (-8 + 17 + 7))?
-10
Calculate 30 + -37 - (1 - -10).
-18
What is 0 - (-3 + 0 + 0)?
3
What is the value of -5 - (63 - 69 - (1 - (1 - 3)))?
4
(-15 - -1) + 24 + -13 - -2
-1
-4 + (-24 - -33 - (14 - -1))
-10
What is (10 + 0 - 11) + -5 + -3?
-9
What is the value of -4 - (40 + 14 + -37)?
-21
Calculate (-2 - 32 - -5) + (-137 - -141).
-25
Calculate -9 + -8 - ((-3 - (-7 - -3)) + 2).
-20
-8 - 1 - (360 - 362) - -6
-1
14 + (11 - 10 - 3 - 0)
12
What is the value of -9 + 3 + 12 + 4 + -8 + 3?
5
Calculate -7 + 1 - (-103 - -106).
-9
What is (3 - 5) + -3 + (5 - 0)?
0
-4 - (-6 - -3) - (71 + -90)
18
What is the value of 2 + -1 + -12 + 27 + -2?
14
What is (3 - 9) + (11 - 17) + 8?
-4
(-5 - (-24 - -6)) + -22
-9
What is -11 - (-8 - (-2 - -15))?
10
-5 - ((-5 - -8) + -14)
6
Evaluate 4 + -20 + 1 + 6 + 1 - 21.
-29
What is 7 + -13 + 25 - (-3 + 7 - -3)?
12
Evaluate (-3 - -1) + 1 - (254 + -259).
4
What is (15 - 1 - 2) + -10?
2
Evaluate 7 + -1 + -1 - (-19 - -11 - -16).
-3
Evaluate -2 - ((-5 - -14) + -7 - 5).
1
Calculate (7 - 0) + -1691 + 1705.
21
What is (-67 - -66) + (2 + -3 + 0 - 2)?
-4
What is (-1 - 1) + (-13 - (-11 + 6))?
-10
What is the value of (-1 - 1) + ((17 - 2) + -1 - 6)?
6
Calculate (6 - 9) + -14 + 26 - (12 + 0).
-3
What is the value of 4 - (-4 - 2) - (149 + -135)?
-4
Evaluate -10 + (-33 - -52 - 28).
-19
14 + (-20 - -11) - -9 - 11
3
10 + (2 - 4) - (-28 - (0 + -17))
19
Evaluate 12 - (17 - (26 - 13)).
8
Calculate 19 + 9 + -30 + -13.
-15
Evaluate (-8 - (-4 + 2)) + 11 + (-9 - 1).
-5
(-59 - -2) + (-97 - -123)
-31
23 - (3 - (-3 - 17))
0
Calculate 10 - 66 - (74 + -104).
-26
What is -7 + 27 + -22 - (0 + 0 + 11)?
-13
Evaluate -1 + 13 + (-139 - -134).
7
What is the value of -5 + (-7 - -4 - -10 - -4)?
6
-1 - (4 - 16 - -16)
-5
Calculate 17 + (4 - 3) + 6 + -3 + -7.
14
What is (-2 - -3) + (0 - -9 - 16)?
-6
Evaluate -2 + 3 - 30 - (-5 + (-3 - 0)).
-21
Evaluate 1 + -51 + (-4 - -27).
-27
-10 - -8 - (5 - ((-2 - 0) + -1))
-10
Evaluate 2 + 9 + -6 + 29 + -26.
8
Calculate (-14 + 16 - -31) + 0.
33
Evaluate -4 + 16 + (-8 - (4 + -8) - 3).
5
20 - ((-5 - -7) + (-1 - -4))
15
0 + -1 + 1 + 2 + 6
8
What is the value of (17 - -2) + -3 - (-64 + 64)?
16
Calculate -51 + 44 - (2 + 0 + -5 - 2).
-2
Calculate 8 + (3 - 8) + 1 - (4 + 10).
-10
What is (11 + -5 - 5) + -7?
-6
What is (13 - 6) + -13 - -13?
7
Calculate -2 + (15 - 5 - 4) + 15.
19
What is the value of -2 - (-1 + (-15 + 5 - (-1 - 3)))?
5
What is the value of (-31 - (3 - 20)) + -2?
-16
What is 2 + (13 - (-12 - (3 + 7 - 29)))?
8
1 + (-15 + 1 + 4 - -2 - -7)
0
Calculate (6 + -2 + -18 - 0) + 7.
-7
Evaluate -9 + (9 + (3 - 12) - (-2 - 5)).
-2
What is (-1 + 30 - 3) + -29?
-3
Evaluate -8 + 14 - (4 - 8 - -5 - -13).
-8
Evaluate (-60 - -62) + (9 - 2 - (1 + 2)).
6
-31 - (-8 + (-23 - -7))
-7
Evaluate (-1 - (10 + -23) - 5) + -10 - 34.
-37
Evaluate (-32 - -5) + (8 - (4 - -3)) - -10.
-16
-1 + -11 + 19 - -19
26
What is -2 - -5 - 0 - -8 - 6?
5
What is the value of -8 + (3 - (-5 + 3) - 3) + -2?
-8
(2 - -1) + 0 - (-4 + 3 + 13)
-9
Evaluate (2 + -11 - 2) + (35 - (18 + 15)).
-9
What is 3 - -3 - (3 - -3)?
0
What is 30 - (1 + -3 - (-17 + 6))?
21
What is the value of 17 + -1 - (1830 + -1794)?
-20
Evaluate (4 - -2 - 3) + -41 - (0 - 5).
-33
4 + (-2 - (-5 - 0)) + -2 - -1
6
Evaluate -2 + 17 + -9 + 1 + -6 + 1.
2
What is 10 - (2 + 10 - -2)?
-4
What is the value of -4 - (3 - -4 - (4 + -5))?
-12
What is (29 - 27 - (-2 + 6)) + 15?
13
What is 10 + -11 + (-10 - -4) + 6?
-1
(-28 - (0 + -7)) + 26
5
Calculate -5 + (7 - -2) + -2 + -3 + 2.
1
-10 + (-40 - -34 - (-14 + 1))
-3
Calculate 5 + (-6 + 8 - 5) - 11.
-9
What is the value of 7 + (2 - -3 - 8) - 9?
-5
(-15 + 1 - 17) + 46
15
Calculate 4 + (2 - (-6 - -2) - 28) - -2.
-16
-34 - (-36 + 1 - -17)
-16
1 - -22 - (-19 - (20 + 3 - 38))
27
Calculate -5 + (3 - (-8 - -9)) - 0.
-3
(2 - (4 - 3 - -7)) + -1 + 0
-7
Evaluate (-16 - (3 - 10)) + 31 + 0.
22
What is the value of (-12 - -15 - (-2 - -9)) + (0 - 1)?
-5
What is the value of -146 - -154 - (7 - 1) - 15?
-13
Calculate (39 - (9 + 10 - 14)) + -12.
22
-5 + (6 + 9 - (-17 + 16))
11
What is the value of 2 + (8 - (-5 + 9)) - (1 + -4)?
9
Evaluate (-48 - -44) + (-2 - 2 - -9) + -6.
-5
5 + -12 + 0 + (-21 - -24) + 4
0
Evaluate 249 + -242 + (-4 - 1) + 3 + -5.
0
Evaluate 18 - (26 + -6) - 14.
-16
1 - (31 - (-29 + 64))
5
Calculate 9 + (9 + -4 - 0 - (0 - -3)).
11
(-9 + -12 - -19) + (2 - 1) + -10
-11
4 - (-7 + 1 - (-10 + 11))
11
Evaluate -2 - 16 - (-4 - 9).
-5
-8 + 16 + -4 + 4
8
What is the value of 5 + -2 - 5 - (-14 + 21)?
-9
What is (-1 - -8) + -241 + 227?
-7
What is the value of (0 - 0) + 0 - (-17 - 14 - -33)?
-2
What is the value of (-17 - -11) + -18 + 18?
-6
What is (-5 + 8 - 5) + 2 + -2 + -9?
-11
-4 - (11 - (-1 + 7))
-9
Evaluate 37 - 82 - (-4 + -9).
-32
What is the value of 2 - -4 - (-11 + (-5 + 3 - -8))?
11
Evaluate -11 + 7 + -15 - -15.
-4
What is the value of (3 + 1 - -4) + -8 - 2?
-2
Evaluate 45 + -28 + -20 + 0 + 10.
7
Evaluate (0 - 6) + (-43 - (-28 - -7) - -26).
-2
What is the value of -2 - -23 - 1 - (-42 + 5 + 31)?
26
Evaluate 1 + 21 - 4 - (-7 - -3).
22
(2693 - 2685) + -18 + -2 + 0
-12
-15 + (-9 - -13) + (0 - (-5 - 0))
-6
8 + 32 + -41 + -2 + (5 - 3)
-1
Evalua